 7934*m - 87. What is the hundreds digit of y(1)?
8
Let t(j) = j**2 - 7*j - 33. Let r be t(16). Let a = 202 + r. What is the units digit of a?
3
What is the tens digit of (216/(8 - 17))/((-6)/411)?
4
Suppose 30*z = 29*z - 3, -3*m - 5*z = -60144. What is the units digit of m?
3
Suppose 0 = -71*p + 76*p. Let n(w) = -13*w + 8*w + p*w - 15. What is the units digit of n(-5)?
0
Let w(a) = 15*a**3 - 3*a**2 + 5*a - 7. Let o be w(2). Let c = -80 + o. What is the tens digit of c?
3
Let a be (63/28 - 1)*(-1 + 5). Suppose -s + 327 = -t, a*s = 6*s + 3*t - 347. Suppose -3*h + s = 2*m, h = -1 + 3. What is the hundreds digit of m?
1
Suppose 0 = 7*n - 51753 - 1790. What is the hundreds digit of n?
6
Let m = 5800 - -2504. What is the tens digit of m?
0
Let k(m) = 3*m**2 - 3*m + 8. Let p(b) = 2*b - 1. Let z(w) = w - 1. Let v(g) = -2*p(g) + 3*z(g). Let f(t) = k(t) + 4*v(t). What is the units digit of f(4)?
4
Let h be (70/20)/((-1)/2). Let c(q) = 2*q**2 + 2*q + 7. Let z be c(-6). Let m = z - h. What is the units digit of m?
4
Suppose 0 = -3*r - 43 + 52, -4*x - 4*r = -7436. What is the units digit of x?
6
Suppose 35 = -2*y - 3*f, y = 3*f - 5 + 1. Let p = -9 - y. Suppose -p*n - g = 3*g - 296, 5*g = 4*n - 251. What is the units digit of n?
9
Suppose b + 3*v - 60158 - 16240 = 0, -2*b - 8*v = -152780. What is the thousands digit of b?
6
Suppose -10 = 4*o - 2*r, 0*r - 4*r + 4 = -4*o. Let c be (o + (0 - -17))*(-2 + 3). Suppose -c*v = -4*v - 279. What is the tens digit of v?
3
Let z(s) = -2 - 4 - 10*s - 1 + 0. Let p be z(-7). Suppose 0 = -v - 4*c + p, 4*v - c = 137 + 98. What is the tens digit of v?
5
Let t = 633 + -406. Let a = t + -109. Suppose m + 2*j = 115, -m + 2*j - 3*j = -a. What is the units digit of m?
1
Suppose 3*n - 320 = -2*n - f, 2*n - 3*f - 128 = 0. Let t be (-4 - -1)*n/48. What is the tens digit of 14 + ((-3)/t - (-4)/16)?
1
Suppose 60 = 12*j + 3*j. Suppose -31 - 33 = j*y. Let r = y - -39. What is the tens digit of r?
2
Let h = 61 - 76. Let v(i) = i**2 + 11*i - 5. Let p be v(h). Suppose 54*q + 44 = p*q. What is the tens digit of q?
4
Suppose 2*r - 21669 = -3*z, -5*z = 2*r - 34072 + 12413. What is the units digit of r?
2
Let d = -11755 + 20918. What is the hundreds digit of d?
1
Suppose -4*x + 5*c - 4150 + 837 = 0, 4*x + 3322 = 2*c. What is the hundreds digit of (7 - 26/4)*(2 - x)?
4
Let y(d) = d**2 + d - 10. Let j be y(3). Let h(a) = -j*a + 1 + 0*a**2 - 3*a - a**2 + 4*a**2. What is the units digit of h(-4)?
9
Let v(s) = 51*s + 466. What is the tens digit of v(-5)?
1
Suppose -112*a = 192*a - 380*a + 1636888. What is the thousands digit of a?
1
Suppose 5*r + 3*n = 53255, -4*r + 32*n + 42567 = 27*n. What is the hundreds digit of r?
6
Let k be 0/6 + 8 - 8. Suppose -43*y + 10621 + 14491 = k. What is the tens digit of y?
8
Suppose 6*c - 1890 = 16*c. Let g = c + 309. What is the units digit of (g/(-25))/(2/(-25))?
0
Let v be (-1*12/9)/(24/(-54)). Suppose 5*m + v*d = 2605, -m + 579 = -5*d + 86. What is the units digit of m?
8
Suppose -16*q = 2*q - 36. Suppose n - 2*w = q*n - 1289, 4*w = 8. What is the thousands digit of n?
1
Let g(s) = 83*s**2 + 12*s + 288. What is the thousands digit of g(32)?
5
Let h(q) = -q**3 + 5*q**2 + 3*q - 10. Let u be h(5). Suppose r + x - 869 = 0, r + u*x + 0*x = 889. What is the units digit of r?
4
Suppose -5*u + 7*u - 4*d = 22, -5*u = -3*d - 27. Suppose -u*c - 4*t + 55 + 154 = 0, -2*c + 3*t = -111. What is the tens digit of c?
6
Suppose 9*m + 12 = 12*m. Suppose 2*q = m*q, 5*i - 10 = q. What is the units digit of 93 - 10 - i*-2?
7
Suppose 5*a + 23380 = 3*f, 5*f - 38920 = 55*a - 56*a. What is the tens digit of f?
8
Let j(a) = -69*a. Let s be j(1). Suppose 1971 = -127*l + 122*l + 451. Let b = s - l. What is the hundreds digit of b?
2
What is the units digit of -5 + (-1673 + 6)/((-1)/5)?
0
Let f be (-6)/2*(-1)/1. Let x be -6 + -1 - (24/3 + -16). What is the units digit of (f/(-2))/(-3*x/136)?
8
Let d = -243 - -43. What is the units digit of (-119216)/d + (-2)/25?
6
Let g(r) = r**2 + 3*r + 2. Let l be g(7). Suppose l = 5*y + 7*y. Suppose y*i - 63 = 375. What is the tens digit of i?
7
Let s = -4443 + 9511. What is the thousands digit of s?
5
Suppose 4 = z - 2*z, z = -5*u + 6. Suppose 4*k - 267 = 5*y, -48 = -u*k - 2*y + 72. What is the tens digit of k?
6
Let z = 96 - -32. Suppose 0 = -3*f - 3*l + 654, -2*f + 243 + 205 = -2*l. Let r = f - z. What is the tens digit of r?
9
Let c(b) = 2*b**2 + 12*b + 1. Let j(x) = 2*x + 8. Let w be j(-7). Let m be c(w). What is the units digit of ((4 - 3)*-2 - m)/(-3)?
1
Suppose -120659 + 10394 = -15*k. What is the units digit of k?
1
Let y(p) = p + 54. Let c be y(0). Let q = c - 51. Suppose z = 2, -i + q*z + 49 + 48 = 0. What is the tens digit of i?
0
Suppose -186*a - 246 = -184*a. Let v = a - -170. What is the tens digit of v?
4
Let t(x) = -x**3 + 9*x**2 + 10*x + 2. Let u be t(10). Let v be (20/8 - 2) + (-451)/u. Let p = -100 - v. What is the units digit of p?
5
Let a = -62 - -70. Let b be (-834)/a - (-5)/20. Let z = b - -231. What is the hundreds digit of z?
1
Let s = -86 - -88. Suppose -4 = 2*y - 2, s*y = 2*n - 3526. What is the units digit of n?
2
Let f(g) = 185*g**2 - 232*g - 1408. What is the thousands digit of f(-6)?
6
Let g(m) = 49*m + 34. Let j(d) = -99*d - 69. Let c(i) = -7*g(i) - 3*j(i). What is the units digit of c(-18)?
7
Suppose 12*c = -2*c. Suppose -14*o + 7*o - 147 = c. What is the tens digit of o/(-2)*((-203)/(-21) - 5)?
4
Let v(y) = y**2 + 2*y + 9. Suppose 3 - 9 = t. What is the tens digit of v(t)?
3
Let j = 180 + 67. Let k(z) = -z**3 + 20*z**2 + z + 75. Let o be k(20). Let h = j - o. What is the tens digit of h?
5
Let n(f) = 204*f**3 - 6*f**2 + 20*f - 71. What is the ten thousands digit of n(5)?
2
Let m be (-6)/21 + (-939)/21. Let p be 6/m + 35296/120. What is the units digit of 40/(-2)*p/(-35)?
8
Suppose -3*w - 518 = -y, 4*y - 2072 = 4*w - 8*w. Let m = y + -248. Suppose -3*q - m = -8*q. What is the units digit of q?
4
Let f(r) = 23*r**2 - 49*r - 831. What is the thousands digit of f(-21)?
0
Let w = 38 + -36. Suppose -5*k + 11 = j - w*j, -j = 4*k - 16. Let p(c) = c**3 + 2*c**2 + c + 5. What is the hundreds digit of p(j)?
1
Let l be ((-112)/(-20))/(11/(385/(-14))). What is the tens digit of (3*137)/(-13 - l)?
1
Let i(k) = -k**3 + 4*k**2 + 9*k - 11. Suppose s + 0*a + 1 = 3*a, -10 = -5*a. Let u be i(s). What is the units digit of 10/(-8)*(-24)/9*u?
0
Suppose -33*k - 21*k + 46*k = -69024. What is the hundreds digit of k?
6
What is the units digit of (70 - 52)/((-54)/(-45564))?
8
Suppose 0 = 30*h + 414905 - 1884875. What is the units digit of h?
9
Suppose 0 = 3*q + 5*q + 19224. What is the units digit of 8*2/88 + q/(-33)?
3
Suppose 224298 - 687462 = -13*s. What is the units digit of s?
8
What is the units digit of (-4)/(23/(425730/(-24)))?
5
Let z(c) = 35*c - 50. Let q be z(-8). Let n = 544 + q. What is the units digit of n?
4
Suppose -256*l = -54*l - 499546. What is the units digit of l?
3
Let s be (-10)/(-25) - (-38878)/5. Suppose -10*r = -324 - s. What is the hundreds digit of r?
8
Suppose 32931 + 46165 = 4*d + 4*a, a - 39547 = -2*d. What is the ten thousands digit of d?
1
Let m(y) = y**3 - 6*y**2 - 9*y + 7. Let n be m(7). Let i(c) = 17*c + 35. Let k be i(n). Let z = 212 + k. What is the tens digit of z?
2
Let d = -46481 + 72921. What is the tens digit of d?
4
Let w(t) = 154*t - 83. Suppose 0 = 9*n - 42 + 6. What is the units digit of w(n)?
3
Let a(x) = 18*x**3 + 4*x**2 - x - 2. Suppose 9*h - 20 = -2. Let n be a(h). Suppose 57 = r - n. What is the units digit of r?
3
Suppose -f + c = -5*f + 3, 0 = 4*c + 20. Let n(b) = -4*b + 11. Let d be n(f). Suppose -u + l = -57, -d*u + l + l = -171. What is the units digit of u?
7
Suppose -260784 = -4*d + 41*g - 45*g, -4*g - 325908 = -5*d. What is the units digit of d?
8
Let d(b) = -3*b + b - 12 + 7*b - 7*b. Let r be d(-8). Suppose 5*x - 2*w - 212 = x, -r*x + 4*w = -220. What is the tens digit of x?
5
Suppose 3*s + 1522 = -4*b + s, 0 = 4*b + 4*s + 1528. Let w = b + 591. What is the tens digit of w?
1
Suppose 0 = -3*k + 17 + 10. Suppose 0 = 3*i - 3*x - 216, -4*i + k*i - 3*x - 350 = 0. Suppose 6*o - 401 = i. What is the tens digit of o?
7
Let n(u) = 7*u**2 - 3*u - 5. Let l be n(-4). Let v be 5243/42 + (-3)/(-18). Let t = v - l. What is the units digit of t?